it of 9353?
5
What is the hundreds digit of 12934?
9
What is the units digit of 28610?
0
What is the tens digit of 12199?
9
What is the tens digit of 2556?
5
What is the tens digit of 19760?
6
What is the hundreds digit of 311?
3
What is the thousands digit of 4884?
4
What is the thousands digit of 2272?
2
What is the units digit of 375?
5
What is the units digit of 71405?
5
What is the tens digit of 935?
3
What is the units digit of 14950?
0
What is the hundreds digit of 21786?
7
What is the tens digit of 9401?
0
What is the tens digit of 4685?
8
What is the units digit of 146?
6
What is the units digit of 1662?
2
What is the ten thousands digit of 64803?
6
What is the hundreds digit of 806?
8
What is the tens digit of 3592?
9
What is the units digit of 271?
1
What is the thousands digit of 13854?
3
What is the units digit of 2291?
1
What is the ten thousands digit of 10007?
1
What is the hundreds digit of 105284?
2
What is the ten thousands digit of 12320?
1
What is the hundred thousands digit of 139254?
1
What is the thousands digit of 144387?
4
What is the thousands digit of 189408?
9
What is the hundreds digit of 18917?
9
What is the units digit of 385?
5
What is the tens digit of 1507?
0
What is the hundreds digit of 1553?
5
What is the thousands digit of 22649?
2
What is the tens digit of 30787?
8
What is the hundreds digit of 1782?
7
What is the hundreds digit of 89681?
6
What is the tens digit of 2255?
5
What is the hundred thousands digit of 137206?
1
What is the tens digit of 44234?
3
What is the ten thousands digit of 22442?
2
What is the thousands digit of 6999?
6
What is the ten thousands digit of 74662?
7
What is the tens digit of 452?
5
What is the hundreds digit of 117385?
3
What is the hundreds digit of 14514?
5
What is the units digit of 16305?
5
What is the hundreds digit of 1544?
5
What is the tens digit of 13053?
5
What is the tens digit of 1296?
9
What is the units digit of 28035?
5
What is the hundreds digit of 3712?
7
What is the thousands digit of 19358?
9
What is the hundreds digit of 36559?
5
What is the units digit of 4272?
2
What is the thousands digit of 5539?
5
What is the units digit of 276?
6
What is the tens digit of 293?
9
What is the hundreds digit of 27516?
5
What is the hundreds digit of 1364?
3
What is the thousands digit of 13111?
3
What is the hundreds digit of 26901?
9
What is the tens digit of 2184?
8
What is the units digit of 407?
7
What is the tens digit of 3624?
2
What is the ten thousands digit of 15408?
1
What is the tens digit of 1132?
3
What is the thousands digit of 38562?
8
What is the ten thousands digit of 56133?
5
What is the thousands digit of 6446?
6
What is the units digit of 18959?
9
What is the tens digit of 1445?
4
What is the thousands digit of 2653?
2
What is the units digit of 22017?
7
What is the hundreds digit of 827?
8
What is the units digit of 474?
4
What is the thousands digit of 5587?
5
What is the tens digit of 6659?
5
What is the hundreds digit of 5775?
7
What is the hundreds digit of 3173?
1
What is the tens digit of 9984?
8
What is the thousands digit of 9229?
9
What is the units digit of 642?
2
What is the tens digit of 1591?
9
What is the tens digit of 3334?
3
What is the units digit of 21290?
0
What is the thousands digit of 11180?
1
What is the tens digit of 18?
1
What is the thousands digit of 1191?
1
What is the hundreds digit of 934?
9
What is the units digit of 1221?
1
What is the tens digit of 30101?
0
What is the units digit of 3314?
4
What is the ten thousands digit of 17609?
1
What is the units digit of 802?
2
What is the hundreds digit of 193?
1
What is the thousands digit of 1099?
1
What is the units digit of 865?
5
What is the units digit of 12616?
6
What is the hundreds digit of 29966?
9
What is the hundreds digit of 47220?
2
What is the thousands digit of 16825?
6
What is the tens digit of 12428?
2
What is the tens digit of 589?
8
What is the hundreds digit of 2228?
2
What is the thousands digit of 3760?
3
What is the hundreds digit of 4080?
0
What is the tens digit of 2233?
3
What is the tens digit of 13981?
8
What is the units digit of 5382?
2
What is the tens digit of 1133?
3
What is the tens digit of 22514?
1
What is the units digit of 128?
8
What is the tens digit of 130198?
9
What is the ten thousands digit of 17174?
1
What is the tens digit of 1102?
0
What is the units digit of 19645?
5
What is the tens digit of 350?
5
What is the tens digit of 1447?
4
What is the units digit of 45011?
1
What is the tens digit of 1957?
5
What is the tens digit of 9988?
8
What is the ten thousands digit of 18612?
1
What is the units digit of 1593?
3
What is the tens digit of 7335?
3
What is the ten thousands digit of 12581?
1
What is the hundreds digit of 1839?
8
What is the tens digit of 5322?
2
What is the units digit of 839?
9
What is the thousands digit of 1005?
1
What is the units digit of 19689?
9
What is the ten thousands digit of 26642?
2
What is the units digit of 1341?
1
What is the units digit of 7554?
4
What is the hundreds digit of 79940?
9
What is the units digit of 19924?
4
What is the ten thousands digit of 24349?
2
What is the units digit of 714?
4
What is the tens digit of 58360?
6
What is the tens digit of 1519?
1
What is the units digit of 8541?
1
What is the tens digit of 51476?
7
What is the thousands digit of 1242?
1
What is the hundreds digit of 646?
6
What is the ten thousands digit of 44751?
4
What is the units digit of 936?
6
What is the tens digit of 59?
5
What is the hundreds digit of 15234?
2
What is the tens digit of 16818?
1
What is the thousands digit of 4603?
4
What is the hundreds digit of 586?
5
What is the tens digit of 3707?
0
What is the thousands digit of 2903?
2
What is the units digit of 35032?
2
What is the tens digit of 4370?
7
What is the units digit of 1352?
2
What is the thousands digit of 109082?
9
What is the hundreds digit of 400?
4
What is the tens digit of 249?
4
What is the thousands digit of 2091?
2
What is the hundreds digit of 12518?
5
What is the tens digit of 4419?
1
What is the tens digit of 15377?
7
What is the tens digit of 2675?
7
What is the ten thousands digit of 48851?
4
What is the hundreds digit of 2671?
6
What is the tens digit of 792?
9
What is the ten thousands digit of 14731?
1
What is the units digit of 35?
5
What is the units digit of 14457?
7
What is the hundreds digit of 1110?
1
What is the tens digit of 37744?
4
What is the hundreds digit of 1011?
0
What is the hundreds digit of 34485?
4
What is the tens digit of 13792?
9
What is the hundreds digit of 60214?
2
What is the tens digit of 1107?
0
What is the tens digit of 6070?
7
What is the tens digit of 3413?
1
What is the thousands digit of 85684?
5
What is the tens digit of 406?
0
What is the units digit of 5851?
1
What is the thousands digit of 161469?
1
What is the hundred thousands digit of 121026?
1
What is the tens digit of 1674?
7
What is the thousands digit of 17330?
7
What is the tens digit of 34686?
8
What is the tens digit of 6941?
4
What is the tens digit of 18697?
9
What is the hundreds digit of 1277?
2
What is the tens digit of 1655?
5
What is the units digit of 90540?
0
What is the hundreds digit of 20132?
1
What is the thousands digit of 6709?
6
What is the units digit of 9547?
7
What is the tens digit of 4756?
5
What is the hundreds digit of 19275?
2
What is the hundreds digit of 1050?
0
What is the tens digit of 424?
2
What is the units digit of 29?
9
What is the units digit of 34502?
2
What is the units digit of 24486?
6
What is the thousands digit of 10496?
0
What is the thousands digit of 18511?
8
What is the tens digit of 107793?
9
What is the ten thousands digit of 48829?
4
What is the tens digit of 13361?
6
What is the tens digit of 6743?
4
What is the ten thousands digit of 17522?
1
What is the hundreds digit of 45357?
3
What is the ten thousands digit of 15872?
1
What is the hundreds digit of 2012?
0
What is the hundreds digit of 2810?
8
What is the thousands digit of 11121?
1
What is the ten thousands digit of 35752?
3
What is the tens digit of 54676?
7
What is the thousands digit of 1618?
1
What is the hundreds digit of 14073?
0
What is the tens digit of 546?
4
What is the units digit of 1078?
8
What is t